{"id":11,"date":"2025-06-27T19:32:58","date_gmt":"2025-06-27T19:32:58","guid":{"rendered":"https:\/\/avize.karknp.com\/?page_id=11"},"modified":"2025-07-01T19:40:23","modified_gmt":"2025-07-01T19:40:23","slug":"anasayfa","status":"publish","type":"page","link":"https:\/\/avize.karknp.com\/","title":{"rendered":"Anasayfa"},"content":{"rendered":"\t\t<div data-elementor-type=\"wp-page\" data-elementor-id=\"11\" class=\"elementor elementor-11\">\n\t\t\t\t<div class=\"elementor-element elementor-element-7fbf307 e-flex e-con-boxed e-con e-parent\" data-id=\"7fbf307\" data-element_type=\"container\">\n\t\t\t\t\t<div class=\"e-con-inner\">\n\t\t<div class=\"elementor-element elementor-element-42f4f6a e-con-full e-flex e-con e-child\" data-id=\"42f4f6a\" data-element_type=\"container\">\n\t\t\t\t<div class=\"elementor-element elementor-element-e839b88 elementor-widget elementor-widget-image\" data-id=\"e839b88\" data-element_type=\"widget\" data-widget_type=\"image.default\">\n\t\t\t\t<div class=\"elementor-widget-container\">\n\t\t\t\t\t\t\t\t\t\t\t\t\t\t\t<img fetchpriority=\"high\" decoding=\"async\" width=\"578\" height=\"734\" src=\"https:\/\/avize.karknp.com\/wp-content\/uploads\/2025\/06\/IMG_20250220_135837.jpg\" class=\"attachment-large size-large wp-image-108\" alt=\"\" srcset=\"https:\/\/avize.karknp.com\/wp-content\/uploads\/2025\/06\/IMG_20250220_135837.jpg 578w, https:\/\/avize.karknp.com\/wp-content\/uploads\/2025\/06\/IMG_20250220_135837-236x300.jpg 236w\" sizes=\"(max-width: 578px) 100vw, 578px\" \/>\t\t\t\t\t\t\t\t\t\t\t\t\t\t\t<\/div>\n\t\t\t\t<\/div>\n\t\t\t\t<\/div>\n\t\t<div class=\"elementor-element elementor-element-b1569b1 e-con-full e-flex e-con e-child\" data-id=\"b1569b1\" data-element_type=\"container\">\n\t\t\t\t<div class=\"elementor-element elementor-element-12f6060 elementor-widget elementor-widget-heading\" data-id=\"12f6060\" data-element_type=\"widget\" data-widget_type=\"heading.default\">\n\t\t\t\t<div class=\"elementor-widget-container\">\n\t\t\t\t\t<h2 class=\"elementor-heading-title elementor-size-default\">Ad\u0131yaman Lambader,avize tamir ve tadilat i\u015fleri<\/h2>\t\t\t\t<\/div>\n\t\t\t\t<\/div>\n\t\t\t\t<div class=\"elementor-element elementor-element-ef8d557 elementor-widget elementor-widget-text-editor\" data-id=\"ef8d557\" data-element_type=\"widget\" data-widget_type=\"text-editor.default\">\n\t\t\t\t<div class=\"elementor-widget-container\">\n\t\t\t\t\t\t\t\t\t<p style=\"text-align: center;\">ISTER S\u0130Z GEL\u0130N .\u0130STER H\u0130ZMET S\u0130ZE GELS\u0130N<\/p>\t\t\t\t\t\t\t\t<\/div>\n\t\t\t\t<\/div>\n\t\t\t\t<div class=\"elementor-element elementor-element-e99befb elementor-widget elementor-widget-text-editor\" data-id=\"e99befb\" data-element_type=\"widget\" data-widget_type=\"text-editor.default\">\n\t\t\t\t<div class=\"elementor-widget-container\">\n\t\t\t\t\t\t\t\t\t<h5 class=\"elementor-heading-title elementor-size-default\" style=\"text-align: center;\">Led avize ,led moturu tamir ve de\u011fi\u015fimi,silikon de\u011fi\u015fimi,vb tamir i\u015fleri \u00f6zenle yap\u0131l\u0131r<\/h5>\t\t\t\t\t\t\t\t<\/div>\n\t\t\t\t<\/div>\n\t\t\t\t<\/div>\n\t\t\t\t\t<\/div>\n\t\t\t\t<\/div>\n\t\t<div class=\"elementor-element elementor-element-c8581b3 e-flex e-con-boxed e-con e-parent\" data-id=\"c8581b3\" data-element_type=\"container\">\n\t\t\t\t\t<div class=\"e-con-inner\">\n\t\t<div class=\"elementor-element elementor-element-866f038 e-con-full e-flex e-con e-child\" data-id=\"866f038\" data-element_type=\"container\">\n\t\t\t\t<div class=\"elementor-element elementor-element-c4ab7ea elementor-widget elementor-widget-heading\" data-id=\"c4ab7ea\" data-element_type=\"widget\" data-widget_type=\"heading.default\">\n\t\t\t\t<div class=\"elementor-widget-container\">\n\t\t\t\t\t<h2 class=\"elementor-heading-title elementor-size-default\">Ad\u0131yaman avize tamir ve tadilat i\u015fleri<\/h2>\t\t\t\t<\/div>\n\t\t\t\t<\/div>\n\t\t\t\t<div class=\"elementor-element elementor-element-f945b75 elementor-widget elementor-widget-heading\" data-id=\"f945b75\" data-element_type=\"widget\" data-widget_type=\"heading.default\">\n\t\t\t\t<div class=\"elementor-widget-container\">\n\t\t\t\t\t<h4 class=\"elementor-heading-title elementor-size-default\">Led avize,Led Lambader. Led moturu tamir ve de\u011fi\u015fimi,silikon de\u011fi\u015fimi,vb tamir i\u015fleri \u00f6zenle yap\u0131l\u0131r<\/h4>\t\t\t\t<\/div>\n\t\t\t\t<\/div>\n\t\t\t\t<div class=\"elementor-element elementor-element-ffeef86 elementor-widget elementor-widget-heading\" data-id=\"ffeef86\" data-element_type=\"widget\" data-widget_type=\"heading.default\">\n\t\t\t\t<div class=\"elementor-widget-container\">\n\t\t\t\t\t<h3 class=\"elementor-heading-title elementor-size-default\">\u0130STER S\u0130Z GEL\u0130N.\u0130STERH\u0130ZMET S\u0130ZE GELS\u0130N<\/h3>\t\t\t\t<\/div>\n\t\t\t\t<\/div>\n\t\t\t\t<div class=\"elementor-element elementor-element-49b2bee elementor-align-center elementor-widget elementor-widget-button\" data-id=\"49b2bee\" data-element_type=\"widget\" data-widget_type=\"button.default\">\n\t\t\t\t<div class=\"elementor-widget-container\">\n\t\t\t\t\t\t\t\t\t<div class=\"elementor-button-wrapper\">\n\t\t\t\t\t<a class=\"elementor-button elementor-button-link elementor-size-sm\" href=\"https:\/\/avize.karknp.com\/index.php\/2025\/06\/27\/lamba\/\" id=\"lamba\">\n\t\t\t\t\t\t<span class=\"elementor-button-content-wrapper\">\n\t\t\t\t\t\t\t\t\t<span class=\"elementor-button-text\">Di\u011fer modeller<\/span>\n\t\t\t\t\t<\/span>\n\t\t\t\t\t<\/a>\n\t\t\t\t<\/div>\n\t\t\t\t\t\t\t\t<\/div>\n\t\t\t\t<\/div>\n\t\t\t\t<\/div>\n\t\t<div class=\"elementor-element elementor-element-8550fd9 e-con-full e-flex e-con e-child\" data-id=\"8550fd9\" data-element_type=\"container\">\n\t\t\t\t<div class=\"elementor-element elementor-element-ee8daf2 elementor-widget elementor-widget-image\" data-id=\"ee8daf2\" data-element_type=\"widget\" data-widget_type=\"image.default\">\n\t\t\t\t<div class=\"elementor-widget-container\">\n\t\t\t\t\t\t\t\t\t\t\t\t\t\t\t<img decoding=\"async\" width=\"720\" height=\"653\" src=\"https:\/\/avize.karknp.com\/wp-content\/uploads\/2025\/06\/IMG_20250215_014203.jpg\" class=\"attachment-large size-large wp-image-106\" alt=\"\" srcset=\"https:\/\/avize.karknp.com\/wp-content\/uploads\/2025\/06\/IMG_20250215_014203.jpg 720w, https:\/\/avize.karknp.com\/wp-content\/uploads\/2025\/06\/IMG_20250215_014203-300x272.jpg 300w\" sizes=\"(max-width: 720px) 100vw, 720px\" \/>\t\t\t\t\t\t\t\t\t\t\t\t\t\t\t<\/div>\n\t\t\t\t<\/div>\n\t\t\t\t<\/div>\n\t\t\t\t\t<\/div>\n\t\t\t\t<\/div>\n\t\t<div class=\"elementor-element elementor-element-b16319e e-flex e-con-boxed e-con e-parent\" data-id=\"b16319e\" data-element_type=\"container\">\n\t\t\t\t\t<div class=\"e-con-inner\">\n\t\t<div class=\"elementor-element elementor-element-de2761d e-con-full e-flex e-con e-child\" data-id=\"de2761d\" data-element_type=\"container\">\n\t\t\t\t<div class=\"elementor-element elementor-element-de2e616 elementor-widget elementor-widget-image\" data-id=\"de2e616\" data-element_type=\"widget\" data-widget_type=\"image.default\">\n\t\t\t\t<div class=\"elementor-widget-container\">\n\t\t\t\t\t\t\t\t\t\t\t\t\t\t\t<img decoding=\"async\" width=\"720\" height=\"476\" src=\"https:\/\/avize.karknp.com\/wp-content\/uploads\/2025\/06\/krom.jpg\" class=\"attachment-large size-large wp-image-20\" alt=\"\" srcset=\"https:\/\/avize.karknp.com\/wp-content\/uploads\/2025\/06\/krom.jpg 720w, https:\/\/avize.karknp.com\/wp-content\/uploads\/2025\/06\/krom-300x198.jpg 300w\" sizes=\"(max-width: 720px) 100vw, 720px\" \/>\t\t\t\t\t\t\t\t\t\t\t\t\t\t\t<\/div>\n\t\t\t\t<\/div>\n\t\t\t\t<\/div>\n\t\t<div class=\"elementor-element elementor-element-0c2e9a1 e-con-full e-flex e-con e-child\" data-id=\"0c2e9a1\" data-element_type=\"container\">\n\t\t\t\t<div class=\"elementor-element elementor-element-5d456b1 elementor-widget elementor-widget-heading\" data-id=\"5d456b1\" data-element_type=\"widget\" data-widget_type=\"heading.default\">\n\t\t\t\t<div class=\"elementor-widget-container\">\n\t\t\t\t\t<h2 class=\"elementor-heading-title elementor-size-default\">Ad\u0131yaman Lambader,avize tamir ve tadilat i\u015fleri<\/h2>\t\t\t\t<\/div>\n\t\t\t\t<\/div>\n\t\t\t\t<div class=\"elementor-element elementor-element-4652be2 elementor-widget elementor-widget-text-editor\" data-id=\"4652be2\" data-element_type=\"widget\" data-widget_type=\"text-editor.default\">\n\t\t\t\t<div class=\"elementor-widget-container\">\n\t\t\t\t\t\t\t\t\t<p style=\"text-align: center;\">ISTER S\u0130Z GEL\u0130N .\u0130STER H\u0130ZMET S\u0130ZE GELS\u0130N<\/p>\t\t\t\t\t\t\t\t<\/div>\n\t\t\t\t<\/div>\n\t\t\t\t<div class=\"elementor-element elementor-element-8a243b2 elementor-widget elementor-widget-text-editor\" data-id=\"8a243b2\" data-element_type=\"widget\" data-widget_type=\"text-editor.default\">\n\t\t\t\t<div class=\"elementor-widget-container\">\n\t\t\t\t\t\t\t\t\t<h5 class=\"elementor-heading-title elementor-size-default\" style=\"text-align: center;\">Led avize ,led moturu tamir ve de\u011fi\u015fimi,silikon de\u011fi\u015fimi,vb tamir i\u015fleri \u00f6zenle yap\u0131l\u0131r<\/h5>\t\t\t\t\t\t\t\t<\/div>\n\t\t\t\t<\/div>\n\t\t\t\t<\/div>\n\t\t\t\t\t<\/div>\n\t\t\t\t<\/div>\n\t\t<div class=\"elementor-element elementor-element-bac7f2f e-flex e-con-boxed e-con e-parent\" data-id=\"bac7f2f\" data-element_type=\"container\">\n\t\t\t\t\t<div class=\"e-con-inner\">\n\t\t<div class=\"elementor-element elementor-element-5abcf4d e-con-full e-flex e-con e-child\" data-id=\"5abcf4d\" data-element_type=\"container\">\n\t\t\t\t<div class=\"elementor-element elementor-element-3c82c3b elementor-widget elementor-widget-heading\" data-id=\"3c82c3b\" data-element_type=\"widget\" data-widget_type=\"heading.default\">\n\t\t\t\t<div class=\"elementor-widget-container\">\n\t\t\t\t\t<h2 class=\"elementor-heading-title elementor-size-default\">Ad\u0131yaman avize tamir ve tadilat i\u015fleri<\/h2>\t\t\t\t<\/div>\n\t\t\t\t<\/div>\n\t\t\t\t<div class=\"elementor-element elementor-element-605d100 elementor-widget elementor-widget-heading\" data-id=\"605d100\" data-element_type=\"widget\" data-widget_type=\"heading.default\">\n\t\t\t\t<div class=\"elementor-widget-container\">\n\t\t\t\t\t<h4 class=\"elementor-heading-title elementor-size-default\">Led avize,Led Lambader. Led moturu tamir ve de\u011fi\u015fimi,silikon de\u011fi\u015fimi,vb tamir i\u015fleri \u00f6zenle yap\u0131l\u0131r<\/h4>\t\t\t\t<\/div>\n\t\t\t\t<\/div>\n\t\t\t\t<div class=\"elementor-element elementor-element-076c4eb elementor-widget elementor-widget-heading\" data-id=\"076c4eb\" data-element_type=\"widget\" data-widget_type=\"heading.default\">\n\t\t\t\t<div class=\"elementor-widget-container\">\n\t\t\t\t\t<h3 class=\"elementor-heading-title elementor-size-default\">\u0130STER S\u0130Z GEL\u0130N.\u0130STERH\u0130ZMET S\u0130ZE GELS\u0130N<\/h3>\t\t\t\t<\/div>\n\t\t\t\t<\/div>\n\t\t\t\t<div class=\"elementor-element elementor-element-c4464b4 elementor-align-center elementor-widget elementor-widget-button\" data-id=\"c4464b4\" data-element_type=\"widget\" data-widget_type=\"button.default\">\n\t\t\t\t<div class=\"elementor-widget-container\">\n\t\t\t\t\t\t\t\t\t<div class=\"elementor-button-wrapper\">\n\t\t\t\t\t<a class=\"elementor-button elementor-button-link elementor-size-sm\" href=\"https:\/\/avize.karknp.com\/index.php\/2025\/06\/27\/lamba\/\" id=\"lamba\">\n\t\t\t\t\t\t<span class=\"elementor-button-content-wrapper\">\n\t\t\t\t\t\t\t\t\t<span class=\"elementor-button-text\">Di\u011fer modeller<\/span>\n\t\t\t\t\t<\/span>\n\t\t\t\t\t<\/a>\n\t\t\t\t<\/div>\n\t\t\t\t\t\t\t\t<\/div>\n\t\t\t\t<\/div>\n\t\t\t\t<\/div>\n\t\t<div class=\"elementor-element elementor-element-600f2d4 e-con-full e-flex e-con e-child\" data-id=\"600f2d4\" data-element_type=\"container\">\n\t\t\t\t<div class=\"elementor-element elementor-element-527331e elementor-widget elementor-widget-image\" data-id=\"527331e\" data-element_type=\"widget\" data-widget_type=\"image.default\">\n\t\t\t\t<div class=\"elementor-widget-container\">\n\t\t\t\t\t\t\t\t\t\t\t\t\t\t\t<img loading=\"lazy\" decoding=\"async\" width=\"720\" height=\"951\" src=\"https:\/\/avize.karknp.com\/wp-content\/uploads\/2025\/06\/tek-top-krom-gumus.jpg\" class=\"attachment-large size-large wp-image-119\" alt=\"\" srcset=\"https:\/\/avize.karknp.com\/wp-content\/uploads\/2025\/06\/tek-top-krom-gumus.jpg 720w, https:\/\/avize.karknp.com\/wp-content\/uploads\/2025\/06\/tek-top-krom-gumus-227x300.jpg 227w\" sizes=\"(max-width: 720px) 100vw, 720px\" \/>\t\t\t\t\t\t\t\t\t\t\t\t\t\t\t<\/div>\n\t\t\t\t<\/div>\n\t\t\t\t<\/div>\n\t\t\t\t\t<\/div>\n\t\t\t\t<\/div>\n\t\t\t\t<\/div>\n\t\t","protected":false},"excerpt":{"rendered":"<p>Ad\u0131yaman Lambader,avize tamir ve tadilat i\u015fleri ISTER S\u0130Z GEL\u0130N .\u0130STER H\u0130ZMET S\u0130ZE GELS\u0130N Led avize ,led moturu tamir ve de\u011fi\u015fimi,silikon de\u011fi\u015fimi,vb tamir i\u015fleri \u00f6zenle yap\u0131l\u0131r Ad\u0131yaman avize tamir ve tadilat i\u015fleri Led avize,Led Lambader. Led moturu tamir ve de\u011fi\u015fimi,silikon de\u011fi\u015fimi,vb tamir i\u015fleri \u00f6zenle yap\u0131l\u0131r \u0130STER S\u0130Z GEL\u0130N.\u0130STERH\u0130ZMET S\u0130ZE GELS\u0130N Di\u011fer modeller Ad\u0131yaman Lambader,avize tamir ve [&hellip;]<\/p>\n","protected":false},"author":1,"featured_media":0,"parent":0,"menu_order":0,"comment_status":"closed","ping_status":"closed","template":"elementor_header_footer","meta":{"footnotes":""},"class_list":["post-11","page","type-page","status-publish","hentry"],"_links":{"self":[{"href":"https:\/\/avize.karknp.com\/index.php\/wp-json\/wp\/v2\/pages\/11","targetHints":{"allow":["GET"]}}],"collection":[{"href":"https:\/\/avize.karknp.com\/index.php\/wp-json\/wp\/v2\/pages"}],"about":[{"href":"https:\/\/avize.karknp.com\/index.php\/wp-json\/wp\/v2\/types\/page"}],"author":[{"embeddable":true,"href":"https:\/\/avize.karknp.com\/index.php\/wp-json\/wp\/v2\/users\/1"}],"replies":[{"embeddable":true,"href":"https:\/\/avize.karknp.com\/index.php\/wp-json\/wp\/v2\/comments?post=11"}],"version-history":[{"count":28,"href":"https:\/\/avize.karknp.com\/index.php\/wp-json\/wp\/v2\/pages\/11\/revisions"}],"predecessor-version":[{"id":218,"href":"https:\/\/avize.karknp.com\/index.php\/wp-json\/wp\/v2\/pages\/11\/revisions\/218"}],"wp:attachment":[{"href":"https:\/\/avize.karknp.com\/index.php\/wp-json\/wp\/v2\/media?parent=11"}],"curies":[{"name":"wp","href":"https:\/\/api.w.org\/{rel}","templated":true}]}}